, 47, 6833
List the prime factors of 726341.
7, 11, 9433
What are the prime factors of 16860116?
2, 7, 13, 509
What are the prime factors of 23653?
7, 31, 109
What are the prime factors of 3047203?
3047203
What are the prime factors of 1247526?
2, 3, 7, 9901
List the prime factors of 10635044.
2, 7, 67, 5669
List the prime factors of 6524139.
3, 577, 3769
What are the prime factors of 9034491?
3, 191, 15767
What are the prime factors of 3950585?
5, 47, 16811
List the prime factors of 13859752.
2, 1732469
List the prime factors of 75713.
11, 6883
What are the prime factors of 327899?
11, 13, 2293
List the prime factors of 4435235.
5, 7, 43, 421
List the prime factors of 1799364.
2, 3, 7, 31, 691
List the prime factors of 1871212.
2, 7, 9547
List the prime factors of 4600616.
2, 575077
What are the prime factors of 993056?
2, 31033
List the prime factors of 37633105.
5, 101, 74521
List the prime factors of 13231056.
2, 3, 373, 739
List the prime factors of 305621.
305621
What are the prime factors of 189277?
11, 17207
What are the prime factors of 13898449?
13898449
What are the prime factors of 10669477?
7, 13, 29, 311
List the prime factors of 862502.
2, 431251
What are the prime factors of 137501?
7, 13, 1511
List the prime factors of 6131486.
2, 3065743
What are the prime factors of 27853445?
5, 1009, 5521
What are the prime factors of 383895?
3, 5, 19, 449
What are the prime factors of 610541?
610541
List the prime factors of 70564.
2, 13, 23, 59
List the prime factors of 2822225.
5, 7, 16127
What are the prime factors of 426682?
2, 317, 673
List the prime factors of 4928824.
2, 616103
What are the prime factors of 28623697?
28623697
What are the prime factors of 853628?
2, 213407
What are the prime factors of 2660965?
5, 532193
What are the prime factors of 4864219?
2069, 2351
What are the prime factors of 4965073?
1597, 3109
List the prime factors of 23463546.
2, 3, 113, 34607
What are the prime factors of 1396916?
2, 179, 1951
List the prime factors of 2642965.
5, 13, 73, 557
What are the prime factors of 7199474?
2, 3599737
List the prime factors of 1839771.
3, 367, 557
What are the prime factors of 380063?
53, 71, 101
What are the prime factors of 15587685?
3, 5, 346393
List the prime factors of 3962716.
2, 19, 23, 2267
List the prime factors of 724095.
3, 5, 16091
What are the prime factors of 909182?
2, 83, 5477
List the prime factors of 31244.
2, 73, 107
What are the prime factors of 1327432?
2, 73, 2273
What are the prime factors of 732825?
3, 5, 3257
List the prime factors of 410113.
11, 23, 1621
List the prime factors of 947988.
2, 3, 17, 1549
What are the prime factors of 2996604?
2, 3, 13, 19, 337
What are the prime factors of 3503718?
2, 3, 61, 3191
What are the prime factors of 970419?
3, 323473
List the prime factors of 23345.
5, 7, 23, 29
List the prime factors of 999252.
2, 3, 41, 677
List the prime factors of 4316934.
2, 3, 421, 1709
What are the prime factors of 1554870?
2, 3, 5, 51829
List the prime factors of 69931.
69931
What are the prime factors of 806657?
806657
What are the prime factors of 22335?
3, 5, 1489
List the prime factors of 7463446.
2, 79, 47237
List the prime factors of 187218.
2, 3, 3467
What are the prime factors of 505184?
2, 15787
List the prime factors of 1374764.
2, 19, 18089
What are the prime factors of 4044806?
2, 2022403
List the prime factors of 238662.
2, 3, 13259
What are the prime factors of 4881420?
2, 3, 5, 47, 577
What are the prime factors of 321501?
3, 31, 3457
What are the prime factors of 7611558?
2, 3, 1268593
What are the prime factors of 3934884?
2, 3, 193, 1699
List the prime factors of 4321894.
2, 149, 14503
What are the prime factors of 134798?
2, 67399
What are the prime factors of 362116?
2, 90529
What are the prime factors of 411416?
2, 51427
List the prime factors of 127466.
2, 17, 23, 163
What are the prime factors of 321395?
5, 64279
List the prime factors of 984513.
3, 328171
What are the prime factors of 23421162?
2, 3, 877, 4451
List the prime factors of 7768275.
3, 5, 103577
What are the prime factors of 622802?
2, 137, 2273
List the prime factors of 315659.
41, 7699
List the prime factors of 9372294.
2, 3, 173561
List the prime factors of 1752638.
2, 359, 2441
List the prime factors of 4526876.
2, 37, 73, 419
What are the prime factors of 1295605?
5, 259121
List the prime factors of 285353.
67, 4259
What are the prime factors of 118281?
3, 89, 443
What are the prime factors of 470998?
2, 11, 79, 271
List the prime factors of 1302871.
89, 14639
What are the prime factors of 121152?
2, 3, 631
What are the prime factors of 442221?
3, 13, 17, 23, 29
List the prime factors of 150526.
2, 73, 1031
What are the prime factors of 6122550?
2, 3, 5, 7, 17
List the prime factors of 761707.
61, 12487
List the prime factors of 815776.
2, 13, 37, 53
What are the prime factors of 222296?
2, 37, 751
What are the prime factors of 1506371?
1506371
List the prime factors of 1590549.
3, 530183
What are the prime factors of 142598?
2, 37, 41, 47
What are the prime factors of 146986?
2, 7, 10499
What are the prime factors of 855644?
2, 17, 12583
What are the prime factors of 129873?
3, 43291
List the prime factors of 4163016.
2, 3, 11, 13, 1213
What are the prime factors of 10033142?
2, 7, 37, 2767
List the prime factors of 3641156.
2, 271, 3359
What are the prime factors of 2376882?
2, 3, 132049
What are the prime factors of 1519185?
3, 5, 101279
List the prime factors of 165559.
165559
What are the prime factors of 16684060?
2, 5, 47, 17749
What are the prime factors of 254279?
254279
List the prime factors of 446537.
7, 13, 701
What are the prime factors of 1773531?
3, 197059
List the prime factors of 89210.
2, 5, 11, 811
What are the prime factors of 7013203?
7013203
What are the prime factors of 124166?
2, 7, 181
List the prime factors of 545195.
5, 7, 37, 421
List the prime factors of 114593.
114593
List the prime factors of 23338276.
2, 13, 59, 7607
List the prime factors of 1645007.
7, 13, 18077
What are the prime factors of 224483?
7, 32069
List the prime factors of 495083.
19, 71, 367
List the prime factors of 1900.
2, 5, 19
List the prime factors of 276441.
3, 11, 8377
List the prime factors of 478675.
5, 41, 467
What are the prime factors of 478161?
3, 53129
List the prime factors of 81687.
3, 73, 373
List the prime factors of 289782.
2, 3, 17, 947
What are the prime factors of 220695?
3, 5, 14713
List the prime factors of 525027.
3, 19, 61, 151
What are the prime factors of 4305923?
347, 12409
List the prime factors of 89319.
3, 19, 1567
What are the prime factors of 8402509?
8402509
What are the prime factors of 136379?
136379
What are the prime factors of 648315?
3, 5, 14407
List the prime factors of 1928359.
1928359
List the prime factors of 793895.
5, 83, 1913
List the prime factors of 455054.
2, 47, 103
List the prime factors of 64581.
3, 11, 19, 103
List the prime factors of 4335959.
4335959
What are the prime factors of 288850?
2, 5, 53, 109
List the prime factors of 31443009.
3, 13, 211, 3821
What are the prime factors of 4972773?
3, 13, 127507
What are the prime factors of 256138?
2, 83, 1543
What are the prime factors of 7396944?
2, 3, 73, 2111
What are the prime factors of 850356?
2, 3, 13, 23, 79
What are the prime factors of 2986433?
2986433
List the prime factors of 1586896.
2, 99181
What are the prime factors of 532248?
2, 3, 67, 331
What are the prime factors of 138226?
2, 11, 61, 103
List the prime factors of 20764225.
5, 17, 48857
List the prime factors of 17655602.
2, 109, 80989
What are the prime factors of 4857570?
2, 3, 5, 1999
What are the prime factors of 4396713?
3, 1465571
List the prime factors of 709300.
2, 5, 41, 173
List the prime factors of 1401804.
2, 3, 23, 1693
What are the prime factors of 22467388?
2, 1361, 4127
What are the prime factors of 24136378?
2, 7, 1724027
List the prime factors of 7112924.
2, 7, 13, 19541
What are the prime factors of 7320572?
2, 7, 53, 4933
List the prime factors of 1220441.
701, 1741
List the prime factors of 4762115.
5, 952423
List the prime factors of 112061.
112061
What are the prime factors of 845981?
845981
What are the prime factors of 31291702?
2, 13, 43, 2153
What are the prime factors of 37913531?
1